{"id":222,"date":"2025-05-25T12:17:06","date_gmt":"2025-05-25T17:17:06","guid":{"rendered":"https:\/\/parroquiasanpedromartir.org\/home\/?page_id=222"},"modified":"2025-05-27T19:34:35","modified_gmt":"2025-05-28T00:34:35","slug":"capillas","status":"publish","type":"page","link":"https:\/\/parroquiasanpedromartir.org\/home\/capillas\/","title":{"rendered":"Capillas"},"content":{"rendered":"<p>[et_pb_section fb_built=\u00bb1&#8243; _builder_version=\u00bb4.27.4&#8243; _module_preset=\u00bbdefault\u00bb global_colors_info=\u00bb{}\u00bb][et_pb_row column_structure=\u00bb1_2,1_2&#8243; _builder_version=\u00bb4.27.4&#8243; _module_preset=\u00bbdefault\u00bb global_colors_info=\u00bb{}\u00bb][et_pb_column type=\u00bb1_2&#8243; _builder_version=\u00bb4.27.4&#8243; _module_preset=\u00bbdefault\u00bb global_colors_info=\u00bb{}\u00bb][et_pb_image src=\u00bbhttps:\/\/parroquiasanpedromartir.org\/home\/wp-content\/uploads\/2025\/01\/elpinon.jpg\u00bb title_text=\u00bbelpinon\u00bb module_class=\u00bbzoom\u00bb _builder_version=\u00bb4.27.4&#8243; _module_preset=\u00bbdefault\u00bb custom_margin=\u00bb||-65px|||\u00bb box_shadow_style=\u00bbpreset1&#8243; global_colors_info=\u00bb{}\u00bb][\/et_pb_image][\/et_pb_column][et_pb_column type=\u00bb1_2&#8243; _builder_version=\u00bb4.27.4&#8243; _module_preset=\u00bbdefault\u00bb global_colors_info=\u00bb{}\u00bb][et_pb_text _builder_version=\u00bb4.27.4&#8243; _module_preset=\u00bbdefault\u00bb global_colors_info=\u00bb{}\u00bb]<\/p>\n<h3><strong>Las Capillas de la Parroquia San Pedro M\u00e1rtir de Verona en El Pi\u00f1\u00f3n, Magdalena:<\/strong><\/h3>\n<p style=\"text-align: justify;\"><strong>La parroquia fue erigida can\u00f3nicamente en el siglo XX, aunque su historia se remonta a la \u00e9poca colonial, cuando la evangelizaci\u00f3n cat\u00f3lica lleg\u00f3 a la regi\u00f3n. San Pedro M\u00e1rtir de Verona, patrono de la parroquia, fue un predicador dominico conocido por su defensa de la fe, lo que inspir\u00f3 a los misioneros en la zona. Con el tiempo, la parroquia se convirti\u00f3 en el centro religioso de El Pi\u00f1\u00f3n, extendiendo su influencia mediante la construcci\u00f3n de capillas en las comunidades aleda\u00f1as.<\/strong><\/p>\n<p>[\/et_pb_text][\/et_pb_column][\/et_pb_row][\/et_pb_section][et_pb_section fb_built=\u00bb1&#8243; _builder_version=\u00bb4.27.4&#8243; _module_preset=\u00bbdefault\u00bb global_colors_info=\u00bb{}\u00bb][et_pb_row _builder_version=\u00bb4.27.4&#8243; _module_preset=\u00bbdefault\u00bb global_colors_info=\u00bb{}\u00bb transform_styles__hover_enabled=\u00bbon|desktop\u00bb transform_scale__hover_enabled=\u00bbon|desktop\u00bb transform_translate__hover_enabled=\u00bbon|desktop\u00bb transform_rotate__hover_enabled=\u00bbon|desktop\u00bb transform_skew__hover_enabled=\u00bbon|desktop\u00bb transform_origin__hover_enabled=\u00bbon|desktop\u00bb][et_pb_column type=\u00bb4_4&#8243; _builder_version=\u00bb4.27.4&#8243; _module_preset=\u00bbdefault\u00bb border_color_all=\u00bbRGBA(255,255,255,0)\u00bb global_colors_info=\u00bb{}\u00bb][et_pb_tabs active_tab_background_color=\u00bb#C1121F\u00bb inactive_tab_background_color=\u00bb#780000&#8243; active_tab_text_color=\u00bb#FFFFFF\u00bb _builder_version=\u00bb4.27.4&#8243; _module_preset=\u00bbdefault\u00bb tab_text_color=\u00bb#FFFFFF\u00bb tab_font=\u00bbHeebo||||||||\u00bb tab_font_size=\u00bb14px\u00bb tab_line_height=\u00bb2.1em\u00bb module_alignment=\u00bbcenter\u00bb custom_padding=\u00bb1px||1px||true|false\u00bb hover_enabled=\u00bb0&#8243; custom_css_tabs_controls=\u00bbdisplay: flex;||flex-wrap: wrap-reverse;||justify-content: center;||height: 100px;||background-color: rgba(0,0,0,0)\u00bb border_color_all=\u00bbRGBA(255,255,255,0)\u00bb border_style_all=\u00bbdouble\u00bb global_colors_info=\u00bb{}\u00bb sticky_enabled=\u00bb0&#8243;][et_pb_tab title=\u00bbCapilla San Mart\u00edn de Tours\u00bb _builder_version=\u00bb4.27.4&#8243; _module_preset=\u00bbdefault\u00bb body_text_align=\u00bbleft\u00bb background_enable_image=\u00bboff\u00bb transform_translate=\u00bb2px|2px\u00bb transform_origin=\u00bb100%|0%\u00bb custom_padding=\u00bb6px||||false|false\u00bb global_colors_info=\u00bb{}\u00bb]<\/p>\n<h4><\/h4>\n<h4><strong>Corregimiento de Vasquez:<\/strong><\/h4>\n<p><strong><img loading=\"lazy\" decoding=\"async\" src=\"https:\/\/parroquiasanpedromartir.org\/home\/wp-content\/uploads\/2025\/05\/CapillaVasquez-300x168.jpg\" width=\"658\" height=\"369\" alt=\"\" class=\"wp-image-292 alignnone size-medium\" style=\"display: block; margin-left: auto; margin-right: auto;\" srcset=\"https:\/\/parroquiasanpedromartir.org\/home\/wp-content\/uploads\/2025\/05\/CapillaVasquez-300x168.jpg 658w, https:\/\/parroquiasanpedromartir.org\/home\/wp-content\/uploads\/2025\/05\/CapillaVasquez-480x270.jpg 480w\" sizes=\"(min-width: 0px) and (max-width: 480px) 480px, (min-width: 481px) 658px, 100vw\" \/><\/strong><\/p>\n<p>La Capilla San Mart\u00edn de Tours no solo es un espacio de veneraci\u00f3n, sino un refugio espiritual que ha sido testigo de la historia y el crecimiento de una comunidad unida por la fe desde la d\u00e9cada de 1940. A trav\u00e9s de los a\u00f1os, esta capilla ha sido el coraz\u00f3n del corregimiento de V\u00e1squez, donde los residentes se congregan cada 11 de noviembre para celebrar con fervor la fiesta en honor a su santo patrono. All\u00ed, la devoci\u00f3n al venerado San Mart\u00edn se entrelaza con la vida cotidiana, y los ecos de las oraciones resuenan en la memoria colectiva de generaciones. En esos momentos de encuentro y celebraci\u00f3n, la capilla se transforma en un s\u00edmbolo de esperanza y unidad, reafirmando el compromiso de los fieles con sus tradiciones y fortaleciendo los lazos que los unen en su camino espiritual.<\/p>\n<p>[\/et_pb_tab][et_pb_tab title=\u00bbCapilla San Basilio\u00bb _builder_version=\u00bb4.27.4&#8243; _module_preset=\u00bbdefault\u00bb global_colors_info=\u00bb{}\u00bb]<\/p>\n<h3>Corregimiento de Sanbasilio<\/h3>\n<p>La capilla de San Basilio tiene una historia marcada por la fe y el esfuerzo de su comunidad. La primera iglesia fue construida en el a\u00f1o 1934 con material de bareque, proporcionando un espacio humilde pero fundamental para la vida espiritual del corregimiento. M\u00e1s tarde, en 1945, la comunidad, con el liderazgo del se\u00f1or Chito G\u00e1mez, oriundo de El Pi\u00f1\u00f3n, emprendi\u00f3 la edificaci\u00f3n de un nuevo templo con estructura de cemento. Esta iglesia sirvi\u00f3 como centro de fe y devoci\u00f3n durante varias d\u00e9cadas.<\/p>\n<p>[\/et_pb_tab][et_pb_tab title=\u00bbCapilla Medalla Milagrosa\u00bb _builder_version=\u00bb4.27.4&#8243; _module_preset=\u00bbdefault\u00bb global_colors_info=\u00bb{}\u00bb]<\/p>\n<h3>Caserio de las Pavitas<\/h3>\n<p>En el a\u00f1o 1980, la imagen de Nuestra Se\u00f1ora de la Medalla Milagrosa lleg\u00f3 por primera vez al caser\u00edo de Las Pavitas, cuando a\u00fan era una peque\u00f1a comunidad. La imagen fue un obsequio del reverendo Manuel Celed\u00f3n Su\u00e1rez (\u2020), quien en vida estableci\u00f3 el 26 de enero como fecha de su festividad. Hoy, ya descansando en la paz de Dios, su legado sigue vivo en la comunidad que con fervor ha mantenido esta celebraci\u00f3n a lo largo de los a\u00f1os. Desde entonces, la comunidad organiz\u00f3 las festividades en ramadas construidas con esfuerzo y devoci\u00f3n, manteniendo viva la fe en torno a la Virgen.<\/p>\n<p>[\/et_pb_tab][et_pb_tab title=\u00bbCapilla Virgen de Carmen\u00bb _builder_version=\u00bb4.27.4&#8243; _module_preset=\u00bbdefault\u00bb hover_enabled=\u00bb0&#8243; global_colors_info=\u00bb{}\u00bb sticky_enabled=\u00bb0&#8243;]<\/p>\n<h3><strong><\/strong><\/h3>\n<h3><strong>Corregimiento de Tiogollo<\/strong><\/h3>\n<p><strong><img loading=\"lazy\" decoding=\"async\" src=\"https:\/\/parroquiasanpedromartir.org\/home\/wp-content\/uploads\/2025\/05\/Tiogollo-300x167.jpg\" width=\"668\" height=\"372\" alt=\"\" class=\"wp-image-295 alignnone size-medium\" style=\"display: block; margin-left: auto; margin-right: auto;\" \/><\/strong><\/p>\n<p>En el coraz\u00f3n de Tiogollo, la devoci\u00f3n a la Virgen del Carmen no solo da vida a una tradici\u00f3n centenaria, sino que tambi\u00e9n teje los lazos de una comunidad unida en fe y amor. Cada a\u00f1o, las festividades en su honor son un reflejo del compromiso y la alegr\u00eda de sus habitantes, quienes se visten de gala y participan con fervor en misas, procesiones y celebraciones que reviven el esp\u00edritu de aquellos primeros encuentros. La historia de la construcci\u00f3n del templo es un testimonio del esfuerzo colectivo, donde cada rifa y venta de comida represent\u00f3 un paso hacia la materializaci\u00f3n de un sue\u00f1o compartido: tener un lugar sagrado que resguarde no solo im\u00e1genes, sino tambi\u00e9n los anhelos, las esperanzas y las oraciones de generaciones. Aqu\u00ed, en este rinc\u00f3n de fe, la Virgen del Carmen sigue siendo un s\u00edmbolo de protecci\u00f3n y gu\u00eda, fortaleciendo cada d\u00eda a una comunidad que se aferra a sus ra\u00edces y mira hacia el futuro con esperanza.<\/p>\n<p>[\/et_pb_tab][et_pb_tab title=\u00bbCapilla Sagrado Coraz\u00f3n de Jes\u00fas\u00bb _builder_version=\u00bb4.27.4&#8243; _module_preset=\u00bbdefault\u00bb global_colors_info=\u00bb{}\u00bb]<\/p>\n<h3>Corregimiento de Sabanas<\/h3>\n<p>La historia de nuestra capilla est\u00e1 marcada por la fe y la devoci\u00f3n al Sagrado Coraz\u00f3n de Jes\u00fas, santo patrono de nuestra comunidad. Se dice que la primera piedra fue colocada en el a\u00f1o 1953, y fue hasta el a\u00f1o 1955 cuando se celebraron las primeras eucarist\u00edas en este lugar sagrado. La devoci\u00f3n al Sagrado Coraz\u00f3n de Jes\u00fas lleg\u00f3 a nuestra comunidad gracias a la iniciativa de la se\u00f1ora Manuela P\u00e9rez de Mart\u00ednez, quien, junto a Lilia de la Hoz Rodr\u00edguez y con el apoyo del padre Jes\u00fas Ar\u00e9valo, promovi\u00f3 la construcci\u00f3n de la capilla y la consolidaci\u00f3n de la fe entre los habitantes. Aunque no se conoce el nombre del obispo de la \u00e9poca, la comunidad recuerda con gratitud a quienes hicieron posible el inicio de esta obra. Desde sus inicios, la capilla ha sido el centro de la vida espiritual del corregimiento, acogiendo a los fieles en la celebraci\u00f3n de los sacramentos y en momentos de oraci\u00f3n y encuentro fraterno.<\/p>\n<p>[\/et_pb_tab][et_pb_tab title=\u00bbCapilla San Mart\u00edn de Lobas \u00bb _builder_version=\u00bb4.27.4&#8243; _module_preset=\u00bbdefault\u00bb global_colors_info=\u00bb{}\u00bb]<\/p>\n<h3>Corregimiento de Play\u00f3n de Orozco<\/h3>\n<p>[\/et_pb_tab][et_pb_tab title=\u00bbCapilla San Pedro M\u00e1rtir\u00bb _builder_version=\u00bb4.27.4&#8243; _module_preset=\u00bbdefault\u00bb global_colors_info=\u00bb{}\u00bb]<\/p>\n<p>Corregimiento de Cantagallar<\/p>\n<p>[\/et_pb_tab][et_pb_tab title=\u00bbCapilla Nuestra Sra de Guadalupe\u00bb _builder_version=\u00bb4.27.4&#8243; _module_preset=\u00bbdefault\u00bb global_colors_info=\u00bb{}\u00bb]<\/p>\n<p>Caserio de Monteria<\/p>\n<p>[\/et_pb_tab][\/et_pb_tabs][\/et_pb_column][\/et_pb_row][\/et_pb_section]<\/p>\n","protected":false},"excerpt":{"rendered":"<p>Las Capillas de la Parroquia San Pedro M\u00e1rtir de Verona en El Pi\u00f1\u00f3n, Magdalena: La parroquia fue erigida can\u00f3nicamente en el siglo XX, aunque su historia se remonta a la \u00e9poca colonial, cuando la evangelizaci\u00f3n cat\u00f3lica lleg\u00f3 a la regi\u00f3n. San Pedro M\u00e1rtir de Verona, patrono de la parroquia, fue un predicador dominico conocido por [&hellip;]<\/p>\n","protected":false},"author":2,"featured_media":0,"parent":0,"menu_order":0,"comment_status":"closed","ping_status":"closed","template":"","meta":{"_et_pb_use_builder":"on","_et_pb_old_content":"","_et_gb_content_width":"","footnotes":""},"class_list":["post-222","page","type-page","status-publish","hentry"],"_links":{"self":[{"href":"https:\/\/parroquiasanpedromartir.org\/home\/wp-json\/wp\/v2\/pages\/222","targetHints":{"allow":["GET"]}}],"collection":[{"href":"https:\/\/parroquiasanpedromartir.org\/home\/wp-json\/wp\/v2\/pages"}],"about":[{"href":"https:\/\/parroquiasanpedromartir.org\/home\/wp-json\/wp\/v2\/types\/page"}],"author":[{"embeddable":true,"href":"https:\/\/parroquiasanpedromartir.org\/home\/wp-json\/wp\/v2\/users\/2"}],"replies":[{"embeddable":true,"href":"https:\/\/parroquiasanpedromartir.org\/home\/wp-json\/wp\/v2\/comments?post=222"}],"version-history":[{"count":12,"href":"https:\/\/parroquiasanpedromartir.org\/home\/wp-json\/wp\/v2\/pages\/222\/revisions"}],"predecessor-version":[{"id":297,"href":"https:\/\/parroquiasanpedromartir.org\/home\/wp-json\/wp\/v2\/pages\/222\/revisions\/297"}],"wp:attachment":[{"href":"https:\/\/parroquiasanpedromartir.org\/home\/wp-json\/wp\/v2\/media?parent=222"}],"curies":[{"name":"wp","href":"https:\/\/api.w.org\/{rel}","templated":true}]}}

<p>[et_pb_section fb_built=»1&#8243; _builder_version=»4.27.4&#8243; _module_preset=»default» global_colors_info=»{}»][et_pb_row column_structure=»1_2,1_2&#8243; _builder_version=»4.27.4&#8243; _module_preset=»default» global_colors_info=»{}»][et_pb_column type=»1_2&#8243; _builder_version=»4.27.4&#8243; _module_preset=»default» global_colors_info=»{}»][et_pb_image src=»https://parroquiasanpedromartir.org/home/wp-content/uploads/2025/01/elpinon.jpg» title_text=»elpinon» module_class=»zoom» _builder_version=»4.27.4&#8243; _module_preset=»default» custom_margin=»||-65px|||» box_shadow_style=»preset1&#8243; global_colors_info=»{}»][/et_pb_image][/et_pb_column][et_pb_column type=»1_2&#8243; _builder_version=»4.27.4&#8243; _module_preset=»default» global_colors_info=»{}»][et_pb_text _builder_version=»4.27.4&#8243; _module_preset=»default» global_colors_info=»{}»]</p>
<h3><strong>Las Capillas de la Parroquia San Pedro Mártir de Verona en El Piñón, Magdalena:</strong></h3>
<p style="text-align: justify;"><strong>La parroquia fue erigida canónicamente en el siglo XX, aunque su historia se remonta a la época colonial, cuando la evangelización católica llegó a la región. San Pedro Mártir de Verona, patrono de la parroquia, fue un predicador dominico conocido por su defensa de la fe, lo que inspiró a los misioneros en la zona. Con el tiempo, la parroquia se convirtió en el centro religioso de El Piñón, extendiendo su influencia mediante la construcción de capillas en las comunidades aledañas.</strong></p>
<p>[/et_pb_text][/et_pb_column][/et_pb_row][/et_pb_section][et_pb_section fb_built=»1&#8243; _builder_version=»4.27.4&#8243; _module_preset=»default» global_colors_info=»{}»][et_pb_row _builder_version=»4.27.4&#8243; _module_preset=»default» global_colors_info=»{}» transform_styles__hover_enabled=»on|desktop» transform_scale__hover_enabled=»on|desktop» transform_translate__hover_enabled=»on|desktop» transform_rotate__hover_enabled=»on|desktop» transform_skew__hover_enabled=»on|desktop» transform_origin__hover_enabled=»on|desktop»][et_pb_column type=»4_4&#8243; _builder_version=»4.27.4&#8243; _module_preset=»default» border_color_all=»RGBA(255,255,255,0)» global_colors_info=»{}»][et_pb_tabs active_tab_background_color=»#C1121F» inactive_tab_background_color=»#780000&#8243; active_tab_text_color=»#FFFFFF» _builder_version=»4.27.4&#8243; _module_preset=»default» tab_text_color=»#FFFFFF» tab_font=»Heebo||||||||» tab_font_size=»14px» tab_line_height=»2.1em» module_alignment=»center» custom_padding=»1px||1px||true|false» hover_enabled=»0&#8243; custom_css_tabs_controls=»display: flex;||flex-wrap: wrap-reverse;||justify-content: center;||height: 100px;||background-color: rgba(0,0,0,0)» border_color_all=»RGBA(255,255,255,0)» border_style_all=»double» global_colors_info=»{}» sticky_enabled=»0&#8243;][et_pb_tab title=»Capilla San Martín de Tours» _builder_version=»4.27.4&#8243; _module_preset=»default» body_text_align=»left» background_enable_image=»off» transform_translate=»2px|2px» transform_origin=»100%|0%» custom_padding=»6px||||false|false» global_colors_info=»{}»]</p>
<h4></h4>
<h4><strong>Corregimiento de Vasquez:</strong></h4>
<p><strong><img loading="lazy" decoding="async" src="https://parroquiasanpedromartir.org/home/wp-content/uploads/2025/05/CapillaVasquez-300x168.jpg" width="658" height="369" alt="" class="wp-image-292 alignnone size-medium" style="display: block; margin-left: auto; margin-right: auto;" srcset="https://parroquiasanpedromartir.org/home/wp-content/uploads/2025/05/CapillaVasquez-300x168.jpg 658w, https://parroquiasanpedromartir.org/home/wp-content/uploads/2025/05/CapillaVasquez-480x270.jpg 480w" sizes="(min-width: 0px) and (max-width: 480px) 480px, (min-width: 481px) 658px, 100vw" /></strong></p>
<p>La Capilla San Martín de Tours no solo es un espacio de veneración, sino un refugio espiritual que ha sido testigo de la historia y el crecimiento de una comunidad unida por la fe desde la década de 1940. A través de los años, esta capilla ha sido el corazón del corregimiento de Vásquez, donde los residentes se congregan cada 11 de noviembre para celebrar con fervor la fiesta en honor a su santo patrono. Allí, la devoción al venerado San Martín se entrelaza con la vida cotidiana, y los ecos de las oraciones resuenan en la memoria colectiva de generaciones. En esos momentos de encuentro y celebración, la capilla se transforma en un símbolo de esperanza y unidad, reafirmando el compromiso de los fieles con sus tradiciones y fortaleciendo los lazos que los unen en su camino espiritual.</p>
<p>[/et_pb_tab][et_pb_tab title=»Capilla San Basilio» _builder_version=»4.27.4&#8243; _module_preset=»default» global_colors_info=»{}»]</p>
<h3>Corregimiento de Sanbasilio</h3>
<p>La capilla de San Basilio tiene una historia marcada por la fe y el esfuerzo de su comunidad. La primera iglesia fue construida en el año 1934 con material de bareque, proporcionando un espacio humilde pero fundamental para la vida espiritual del corregimiento. Más tarde, en 1945, la comunidad, con el liderazgo del señor Chito Gámez, oriundo de El Piñón, emprendió la edificación de un nuevo templo con estructura de cemento. Esta iglesia sirvió como centro de fe y devoción durante varias décadas.</p>
<p>[/et_pb_tab][et_pb_tab title=»Capilla Medalla Milagrosa» _builder_version=»4.27.4&#8243; _module_preset=»default» global_colors_info=»{}»]</p>
<h3>Caserio de las Pavitas</h3>
<p>En el año 1980, la imagen de Nuestra Señora de la Medalla Milagrosa llegó por primera vez al caserío de Las Pavitas, cuando aún era una pequeña comunidad. La imagen fue un obsequio del reverendo Manuel Celedón Suárez (†), quien en vida estableció el 26 de enero como fecha de su festividad. Hoy, ya descansando en la paz de Dios, su legado sigue vivo en la comunidad que con fervor ha mantenido esta celebración a lo largo de los años. Desde entonces, la comunidad organizó las festividades en ramadas construidas con esfuerzo y devoción, manteniendo viva la fe en torno a la Virgen.</p>
<p>[/et_pb_tab][et_pb_tab title=»Capilla Virgen de Carmen» _builder_version=»4.27.4&#8243; _module_preset=»default» hover_enabled=»0&#8243; global_colors_info=»{}» sticky_enabled=»0&#8243;]</p>
<h3><strong></strong></h3>
<h3><strong>Corregimiento de Tiogollo</strong></h3>
<p><strong><img loading="lazy" decoding="async" src="https://parroquiasanpedromartir.org/home/wp-content/uploads/2025/05/Tiogollo-300x167.jpg" width="668" height="372" alt="" class="wp-image-295 alignnone size-medium" style="display: block; margin-left: auto; margin-right: auto;" /></strong></p>
<p>En el corazón de Tiogollo, la devoción a la Virgen del Carmen no solo da vida a una tradición centenaria, sino que también teje los lazos de una comunidad unida en fe y amor. Cada año, las festividades en su honor son un reflejo del compromiso y la alegría de sus habitantes, quienes se visten de gala y participan con fervor en misas, procesiones y celebraciones que reviven el espíritu de aquellos primeros encuentros. La historia de la construcción del templo es un testimonio del esfuerzo colectivo, donde cada rifa y venta de comida representó un paso hacia la materialización de un sueño compartido: tener un lugar sagrado que resguarde no solo imágenes, sino también los anhelos, las esperanzas y las oraciones de generaciones. Aquí, en este rincón de fe, la Virgen del Carmen sigue siendo un símbolo de protección y guía, fortaleciendo cada día a una comunidad que se aferra a sus raíces y mira hacia el futuro con esperanza.</p>
<p>[/et_pb_tab][et_pb_tab title=»Capilla Sagrado Corazón de Jesús» _builder_version=»4.27.4&#8243; _module_preset=»default» global_colors_info=»{}»]</p>
<h3>Corregimiento de Sabanas</h3>
<p>La historia de nuestra capilla está marcada por la fe y la devoción al Sagrado Corazón de Jesús, santo patrono de nuestra comunidad. Se dice que la primera piedra fue colocada en el año 1953, y fue hasta el año 1955 cuando se celebraron las primeras eucaristías en este lugar sagrado. La devoción al Sagrado Corazón de Jesús llegó a nuestra comunidad gracias a la iniciativa de la señora Manuela Pérez de Martínez, quien, junto a Lilia de la Hoz Rodríguez y con el apoyo del padre Jesús Arévalo, promovió la construcción de la capilla y la consolidación de la fe entre los habitantes. Aunque no se conoce el nombre del obispo de la época, la comunidad recuerda con gratitud a quienes hicieron posible el inicio de esta obra. Desde sus inicios, la capilla ha sido el centro de la vida espiritual del corregimiento, acogiendo a los fieles en la celebración de los sacramentos y en momentos de oración y encuentro fraterno.</p>
<p>[/et_pb_tab][et_pb_tab title=»Capilla San Martín de Lobas » _builder_version=»4.27.4&#8243; _module_preset=»default» global_colors_info=»{}»]</p>
<h3>Corregimiento de Playón de Orozco</h3>
<p>[/et_pb_tab][et_pb_tab title=»Capilla San Pedro Mártir» _builder_version=»4.27.4&#8243; _module_preset=»default» global_colors_info=»{}»]</p>
<p>Corregimiento de Cantagallar</p>
<p>[/et_pb_tab][et_pb_tab title=»Capilla Nuestra Sra de Guadalupe» _builder_version=»4.27.4&#8243; _module_preset=»default» global_colors_info=»{}»]</p>
<p>Caserio de Monteria</p>
<p>[/et_pb_tab][/et_pb_tabs][/et_pb_column][/et_pb_row][/et_pb_section]</p>

<p>Las Capillas de la Parroquia San Pedro Mártir de Verona en El Piñón, Magdalena: La parroquia fue erigida canónicamente en el siglo XX, aunque su historia se remonta a la época colonial, cuando la evangelización católica llegó a la región. San Pedro Mártir de Verona, patrono de la parroquia, fue un predicador dominico conocido por [&hellip;]</p>
